{"id":327,"date":"2025-01-08T11:06:35","date_gmt":"2025-01-08T10:06:35","guid":{"rendered":"https:\/\/spshostenice.cz\/?page_id=327"},"modified":"2025-01-08T11:12:20","modified_gmt":"2025-01-08T10:12:20","slug":"vyrocni-zprava-spsh-za-rok-2023","status":"publish","type":"page","link":"https:\/\/spshostenice.cz\/?page_id=327","title":{"rendered":"V\u00fdro\u010dn\u00ed zpr\u00e1va SPsH za rok 2023"},"content":{"rendered":"\n<p>V\u00fdro\u010dn\u00ed zpr\u00e1va za rok 2023 je k nahl\u00e9dnut\u00ed <a href=\"https:\/\/spshostenice.cz\/wp-content\/uploads\/2025\/01\/Vyrocni-zprava-SPsH-za-rok-2023.pdf\" target=\"_blank\" rel=\"noreferrer noopener\">ZDE<\/a>.<\/p>\n","protected":false},"excerpt":{"rendered":"<p>V\u00fdro\u010dn\u00ed zpr\u00e1va za rok 2023 je k nahl\u00e9dnut\u00ed ZDE.<\/p>\n<p class=\"continue-reading-button\"> <a class=\"continue-reading-link\" href=\"https:\/\/spshostenice.cz\/?page_id=327\">Continue reading<i class=\"crycon-right-dir\"><\/i><\/a><\/p>\n","protected":false},"author":1,"featured_media":0,"parent":7,"menu_order":11,"comment_status":"closed","ping_status":"closed","template":"","meta":{"footnotes":""},"_links":{"self":[{"href":"https:\/\/spshostenice.cz\/index.php?rest_route=\/wp\/v2\/pages\/327"}],"collection":[{"href":"https:\/\/spshostenice.cz\/index.php?rest_route=\/wp\/v2\/pages"}],"about":[{"href":"https:\/\/spshostenice.cz\/index.php?rest_route=\/wp\/v2\/types\/page"}],"author":[{"embeddable":true,"href":"https:\/\/spshostenice.cz\/index.php?rest_route=\/wp\/v2\/users\/1"}],"replies":[{"embeddable":true,"href":"https:\/\/spshostenice.cz\/index.php?rest_route=%2Fwp%2Fv2%2Fcomments&post=327"}],"version-history":[{"count":4,"href":"https:\/\/spshostenice.cz\/index.php?rest_route=\/wp\/v2\/pages\/327\/revisions"}],"predecessor-version":[{"id":332,"href":"https:\/\/spshostenice.cz\/index.php?rest_route=\/wp\/v2\/pages\/327\/revisions\/332"}],"up":[{"embeddable":true,"href":"https:\/\/spshostenice.cz\/index.php?rest_route=\/wp\/v2\/pages\/7"}],"wp:attachment":[{"href":"https:\/\/spshostenice.cz\/index.php?rest_route=%2Fwp%2Fv2%2Fmedia&parent=327"}],"curies":[{"name":"wp","href":"https:\/\/api.w.org\/{rel}","templated":true}]}}