{"id":25,"date":"2016-03-22T21:00:42","date_gmt":"2016-03-22T20:00:42","guid":{"rendered":"http:\/\/spshostenice.cz\/?page_id=25"},"modified":"2026-01-20T13:32:54","modified_gmt":"2026-01-20T12:32:54","slug":"fotogalerie","status":"publish","type":"page","link":"https:\/\/spshostenice.cz\/?page_id=25","title":{"rendered":"Kontakt"},"content":{"rendered":"<div>\n<p><strong>Ing. et Ing. Jan Mikul\u00e1\u0161ek\u00a0(p\u0159edseda SPsH)<\/strong><br \/>\n00420 721\u00a0167\u00a0072<br \/>\nmikulasek.jenda\u201czavin\u00e1\u010d\u201cseznam.cz<br \/>\nHost\u011bnice \u010d.6<\/p>\n<\/div>\n<p><strong>Ji\u0159\u00ed H\u00e1jek (prvn\u00ed m\u00edstop\u0159edseda SPsH)<\/strong><br \/>\n00420 774 686 002<br \/>\nhajecek.jirka\u201czavin\u00e1\u010d\u201cseznam.cz<br \/>\nHost\u011bnice \u010d. 65<\/p>\n<p><strong>David Tak\u00e1\u010d (druh\u00fd m\u00edstop\u0159edseda SPsH)<\/strong><br \/>\n00420 603 940 971<br \/>\ndavid.takac\u201czavin\u00e1\u010d\u201cseznam.cz<br \/>\nHost\u011bnice 65<\/p>\n<div>\n<p><strong>Jan Borek (pokladn\u00edk SPsH)<\/strong><br \/>\n00420 732 859 163<br \/>\nj.borek\u201czavin\u00e1\u010d\u201ccentrum.cz<br \/>\nHost\u011bnice \u010d. 9<\/p>\n<p><strong>Jan Sk\u0159iv\u00e1nek\u00a0(\u0159adov\u00fd \u010dlen)<\/strong><br \/>\n00420 731 194 322<br \/>\njskrivanek\u201czavin\u00e1\u010d\u201cmamutsro.cz<br \/>\nHost\u011bnice \u010d. 133<\/p>\n<p><strong>Ing. Arch. Ji\u0159\u00ed Marek (\u0159adov\u00fd \u010dlen)<\/strong><br \/>\n00420 604 708 334<br \/>\nmarek\u201czavin\u00e1\u010d\u201cm2ai.com<br \/>\nHost\u011bnice \u010d. 108<\/p>\n<\/div>\n<div><strong>Filip Gale\u00a0(\u0159adov\u00fd \u010dlen)<\/strong><br \/>\n00420 732 813 183<br \/>\nga.fi\u201czavin\u00e1\u010d\u201cseznam.cz<br \/>\nHost\u011bnice 180<\/div>\n<h2><strong>Kontakt Lesn\u00ed bar U Krav<\/strong><\/h2>\n<p>Jan Sk\u0159iv\u00e1nek 00420 731 194 322<\/p>\n<p>Jirka H\u00e1jek 00420 774 686 002<\/p>\n<p>Jirka Marek 00420 604 708 334<\/p>\n<p>Luk\u00e1\u0161 Sm\u00edlek 00420 776 137 863<\/p>\n<p>Petr \u0160lof 00420 728 988 431<\/p>\n","protected":false},"excerpt":{"rendered":"<p>Ing. et Ing. Jan Mikul\u00e1\u0161ek\u00a0(p\u0159edseda SPsH) 00420 721\u00a0167\u00a0072 mikulasek.jenda\u201czavin\u00e1\u010d\u201cseznam.cz Host\u011bnice \u010d.6 Ji\u0159\u00ed H\u00e1jek (prvn\u00ed m\u00edstop\u0159edseda SPsH) 00420 774 686 002 hajecek.jirka\u201czavin\u00e1\u010d\u201cseznam.cz Host\u011bnice \u010d. 65 David Tak\u00e1\u010d (druh\u00fd m\u00edstop\u0159edseda SPsH) 00420 603 940 971 david.takac\u201czavin\u00e1\u010d\u201cseznam.cz Host\u011bnice 65 Jan Borek (pokladn\u00edk SPsH) 00420 732 859 163 j.borek\u201czavin\u00e1\u010d\u201ccentrum.cz Host\u011bnice \u010d. 9 Jan Sk\u0159iv\u00e1nek\u00a0(\u0159adov\u00fd\u2026<\/p>\n<p class=\"continue-reading-button\"> <a class=\"continue-reading-link\" href=\"https:\/\/spshostenice.cz\/?page_id=25\">Continue reading<i class=\"crycon-right-dir\"><\/i><\/a><\/p>\n","protected":false},"author":1,"featured_media":0,"parent":0,"menu_order":4,"comment_status":"closed","ping_status":"closed","template":"","meta":{"footnotes":""},"_links":{"self":[{"href":"https:\/\/spshostenice.cz\/index.php?rest_route=\/wp\/v2\/pages\/25"}],"collection":[{"href":"https:\/\/spshostenice.cz\/index.php?rest_route=\/wp\/v2\/pages"}],"about":[{"href":"https:\/\/spshostenice.cz\/index.php?rest_route=\/wp\/v2\/types\/page"}],"author":[{"embeddable":true,"href":"https:\/\/spshostenice.cz\/index.php?rest_route=\/wp\/v2\/users\/1"}],"replies":[{"embeddable":true,"href":"https:\/\/spshostenice.cz\/index.php?rest_route=%2Fwp%2Fv2%2Fcomments&post=25"}],"version-history":[{"count":11,"href":"https:\/\/spshostenice.cz\/index.php?rest_route=\/wp\/v2\/pages\/25\/revisions"}],"predecessor-version":[{"id":352,"href":"https:\/\/spshostenice.cz\/index.php?rest_route=\/wp\/v2\/pages\/25\/revisions\/352"}],"wp:attachment":[{"href":"https:\/\/spshostenice.cz\/index.php?rest_route=%2Fwp%2Fv2%2Fmedia&parent=25"}],"curies":[{"name":"wp","href":"https:\/\/api.w.org\/{rel}","templated":true}]}}